 42. Let j be w(-24). Calculate the remainder when h(j) is divided by 24.
18
What is the remainder when 2662 is divided by (-8385)/(-465) + 1/(-31)?
16
Let c = -277 - -423. Let b = -122 + c. Calculate the remainder when b is divided by 9.
6
Let a(t) = t**2 - t. Let l be a(-3). Let g be (-12 - -45)*(-5)/15. Let r = g + l. What is the remainder when 1 is divided by r?
0
Suppose 75*u - 55*u - 1720 = 0. What is the remainder when 2233 is divided by u?
83
Let r(m) = 30*m - 56. Let i be r(5). Let k = i - 105. Let h = 26 - k. Calculate the remainder when h is divided by 10.
7
Let v(o) = 11*o**3 - o**2 - 3*o + 2. Let x be v(1). Suppose -x*u - 315 = -14*u. Calculate the remainder when 564 is divided by u.
60
Suppose -4*b + x + 242 = 0, -39*x = b - 35*x - 86. Calculate the remainder when 2597 is divided by b.
55
Let j = -18686 - -18743. Calculate the remainder when 69 is divided by j.
12
Let t be (432/64)/((-1)/(-4)). Suppose k + 42 = 3*q, -k - t = q - 3*q. Calculate the remainder when 26 is divided by q/20 + 265/20.
12
Suppose 4*m - 2*m - 268 = 0. Suppose 4*q - 3*p + 45 = 134, -q - p + 24 = 0. Calculate the remainder when m is divided by q.
19
Let k(g) = -6*g**2 - 64*g + 150. What is the remainder when 102 is divided by k(-12)?
48
Suppose -5*g = 3*m - 201, -4*g + 105 = 4*m - 59. Let i(l) = -l + 10. Let v be i(14). What is the remainder when (-2)/(v/227) + 6/12 is divided by g?
36
Let l = -744 + 1073. Let p = l - 315. What is the remainder when 109 is divided by p?
11
Suppose 72*v + 209*v = v + 231280. What is the remainder when v is divided by 44?
34
Suppose -s - 4*w = -44, -344 + 86 = -5*s - w. Let m(p) = 141*p - 513. What is the remainder when s is divided by m(4)?
1
Let b = 2 - 2. Suppose b = -0*w + w + 37. Let u = 52 + w. What is the remainder when 74 is divided by u?
14
Suppose 15*u + 2870 + 505 = 0. Let f = u - -270. Suppose 3*g + 38 = 2*j + 2*g, 0 = -4*j - 5*g + 62. What is the remainder when f is divided by j?
9
Suppose -442 = -4*r - 5*y, 530 - 92 = 4*r + 3*y. Let u = -89 + r. Calculate the remainder when 33 is divided by u.
14
Calculate the remainder when 123 is divided by (-91)/(-35) - 3/(-75)*-5*-2.
0
Suppose 1054*j - 1053*j = 2. Suppose 35 = j*m - k, -5*k + 4*k + 61 = 4*m. Suppose -187 + 7 = -4*d. Calculate the remainder when d is divided by m.
13
Let v(o) = o**3 - 8*o**2 + 5*o - 49. Calculate the remainder when v(14) is divided by 394.
15
Suppose -687 + 783 = 6*n. Calculate the remainder when 170 is divided by n.
10
Let k be (-5 - -3) + (432 - 2). Let d = k - 237. Suppose -4*y + 197 = -d. What is the remainder when y is divided by 33?
31
Suppose -2*b - 10 = -r, -3 = -3*b + 6*b. Let v(n) = -n**2 + 7*n + 12. Let q be v(r). Let y = 6 + q. Calculate the remainder when 18 is divided by y.
8
Suppose 905*q - 876*q = 725. What is the remainder when 1093 is divided by q?
18
Suppose -5*v + 30 = 0, 15*v = z + 11*v + 8. What is the remainder when 6861 is divided by z?
13
Calculate the remainder when 10/120*6*(-13)/(91/(-154)) is divided by 2/(-4) - 33/(-6).
1
Let h = -5 + 7. Suppose -k + 13 = -5*g, h*k = g + g + 58. Let d(l) = l**3 - 24*l**2 + 3*l - 10. Calculate the remainder when d(24) is divided by k.
29
Let x be (-436)/(-8) - (-2)/(-4). Suppose -14*d + 20*d - x = 0. Suppose -2*v - d = -7, -n + 4*v = -48. Calculate the remainder when n is divided by 9.
8
Let b be (336/210)/(-2*1/(-310)). Let s = b - 217. Suppose 2*f = 6, 1 - 4 = 2*h - 5*f. Calculate the remainder when s is divided by h.
1
What is the remainder when (7 + 486/30)*35 is divided by 11?
9
Let f = 3854 + -3829. Calculate the remainder when 196 is divided by f.
21
Let c be 12/8*1040/24. Suppose 3*w - c = 4*z - 3, -z = 5. Calculate the remainder when 38 is divided by w.
10
Suppose -100*t + 3289 = -14611. What is the remainder when t is divided by 25?
4
Suppose 5*r = r + 8. Suppose -2*p + 18 = r. Calculate the remainder when 38/(3 + 5 + -6) is divided by p.
3
Let m(f) = -f**2 - 14*f + 7. Let z be m(-5). Calculate the remainder when 153 is divided by (2 + -9 - -4) + z.
6
Suppose -4*l + f = -67, -5*l + 0*f + 4*f + 70 = 0. Let h(b) = 1211*b + 16960. What is the remainder when l is divided by h(-14)?
0
What is the remainder when 2489 is divided by (34 - 22)*10/4?
29
Let t be (21/56)/(-3) + 171/24. What is the remainder when (-1)/t - (-3400)/35 is divided by 9?
7
Suppose -4*l + 123 - 39 = 0. Suppose 4*b + 3*s + 909 = 0, -3*b - 5*s - 673 = -s. Let c = b - -282. Calculate the remainder when c is divided by l.
9
Suppose 4*b = -a + 815 + 318, 2*b + 4*a - 570 = 0. What is the remainder when 3391 is divided by b?
278
Suppose 31*m - 66*m + 33*m + 20 = 0. What is the remainder when 3159 is divided by m?
9
Calculate the remainder when 512 is divided by (107/321)/((-1)/(-762)).
4
Suppose 293 = -12*s - 1015. Let n = -82 - s. Calculate the remainder when 133 is divided by n.
25
Suppose -21*k = -3*j - 22*k + 150, -4*j = 3*k - 210. What is the remainder when 1240 is divided by j?
40
Calculate the remainder when 307 is divided by 1470/(-4)*142/(-355).
13
Let h(t) = 26*t - 114. What is the remainder when 275 is divided by h(6)?
23
Suppose 57*t - 38576 = -10532. Calculate the remainder when t is divided by 143.
63
Suppose 0 = 2*v, 14*s + 2*v - 357 = 11*s. What is the remainder when s is divided by (11/(-33))/((-2)/150)?
19
Suppose -31*q + 6145 + 9789 = 0. Calculate the remainder when q is divided by 479.
35
Suppose -23 - 5 = -7*z. Suppose 5*o = -20, 0 = -z*u - 2*o - 63 + 887. What is the remainder when u is divided by 35?
33
Let r = -702 + 692. What is the remainder when 279 is divided by (-35)/r*(3 - 1)?
6
Let p(j) = j**2 - 23*j - 28. Let f be p(-13). Suppose -f + 154 = -i. Calculate the remainder when i is divided by 16.
14
Let n = -304 - -324. Let v be -1*(-6)/9*3. Calculate the remainder when -6*1/v + 59 is divided by n.
16
Let t(w) = 2*w - 2. Let y = -54 + 11. Let c = y + 111. Calculate the remainder when c is divided by t(8).
12
Suppose -29*u = 7*u. Suppose -4*d + 4*z = -156, 10*d - 8*d - z - 73 = u. Calculate the remainder when d is divided by 14.
6
Suppose -3*c + 0*c - 3*s - 15 = 0, 2*c + 22 = -5*s. Calculate the remainder when 4/8*-2 + 9 + 100 is divided by c + 29/(2/2).
24
Let m(u) = 64*u**3 + 1. Let r be m(1). Let n = r + -17. Suppose a = -0*a - 3*o + 16, -2*o - 106 = -4*a. Calculate the remainder when n is divided by a.
23
Suppose 0 = -2*k + 5*y + 1359, 5*k = 3*k - 2*y + 1352. Calculate the remainder when k is divided by 97.
95
Let r = -27 - -111. Let f = 125 - r. Let s = -2346 - -2508. Calculate the remainder when s is divided by f.
39
Let r = 4773 - 4751. Calculate the remainder when 150 is divided by r.
18
Let h(g) = g**3 + 7*g**2 + g - 6. Suppose 8*y + 4 = 7*y. Calculate the remainder when 68 is divided by h(y).
30
Let n(y) = 3*y + y**3 + 1 + 8*y**2 + 0*y**3 + y + y. Calculate the remainder when n(-7) is divided by (-2)/12 - 76*(-12)/288.
0
Let h = 3109 + -3071. Calculate the remainder when h is divided by (6 - 0)*(-5)/(-10).
2
Suppose -2*b + 270 = 4*x, 134 = x + 5*b + 44. Suppose 3*q = k - 63, -56*k = -57*k + 2*q + x. What is the remainder when 135 is divided by k?
66
Suppose -9379 = -5*o + 3*f, -4*o + o - f = -5633. What is the remainder when o is divided by 47?
44
Suppose 3562 = 3*o + 3*c - 929, 4496 = 3*o + 4*c. Suppose -21*b + 1721 + o = 0. Calculate the remainder when b is divided by 14.
13
Let f(l) = -7*l**2 + 323*l - 204. Calculate the remainder when 2492 is divided by f(45).
152
Suppose -3*h - a = -14433, 33*h - 28*h - a - 24055 = 0. Calculate the remainder when h is divided by 2.
1
Let s = -114 - -115. Let g = 377 + -376. Calculate the remainder when s is divided by g.
0
Suppose q - 860 = -9*q. What is the remainder when 111 is divided by (129/q)/(3/32)?
15
Let r = 23153 - 22831. Let p(b) = 17*b**2 - b + 1. Calculate the remainder when r is divided by p(1).
16
Let y be (-4)/(16/(-3)) - (-98)/(-56). What is the remainder when 57 is divided by y/(-2)*(-3 - -3 - -6)?
0
Let o = -826 + 1014. Suppose v - 314 = -5*x, v = -4*x + x + o. What is the remainder when x is divided by 19?
6
Suppose -295*z - 22*z + 2182 + 1939 = 0. Calculate the remainder when 7889 is divided by z.
11
Let u be -10 + 28 + -6 + 3/1. What is the remainder when 145 + (-12)/30*u is divided by (-20)/(-3)*(2 - -1)?
19
Le